6 (base 10) to base 9
-6
Convert -220 (base 6) to base 7.
-150
Convert -102 (base 3) to base 4.
-23
-35 (base 10) to base 8
-43
What is 221 (base 10) in base 9?
265
-7 (base 10) to base 6
-11
Convert -175 (base 9) to base 3.
-12112
Convert -10 (base 3) to base 13.
-3
Convert -8 (base 13) to base 14.
-8
-22 (base 3) to base 6
-12
What is -54 (base 9) in base 4?
-301
Convert 8 (base 9) to base 10.
8
Convert -101 (base 2) to base 15.
-5
What is 52 (base 9) in base 7?
65
0 (base 14) to base 15
0
What is 1000 (base 4) in base 2?
1000000
Convert 6 (base 7) to base 12.
6
16 (base 7) to base 9
14
-2 (base 5) to base 3
-2
What is -ab (base 14) in base 8?
-227
-2 (base 11) to base 6
-2
Convert -128 (base 12) to base 3.
-20112
What is 211 (base 3) in base 14?
18
What is 1 (base 12) in base 3?
1
-33 (base 11) to base 3
-1100
-17 (base 15) to base 7
-31
Convert 8 (base 14) to base 8.
10
-21 (base 6) to base 4
-31
Convert 0 (base 12) to base 10.
0
-19 (base 10) to base 16
-13
Convert 3 (base 14) to base 7.
3
Convert -27 (base 10) to base 3.
-1000
Convert -14 (base 8) to base 16.
-c
Convert -2102 (base 3) to base 10.
-65
25 (base 10) to base 7
34
Convert -e7 (base 15) to base 9.
-261
What is 1 (base 3) in base 6?
1
-7 (base 8) to base 6
-11
What is 21 (base 4) in base 3?
100
Convert 1 (base 13) to base 3.
1
-1 (base 12) to base 14
-1
What is -66 (base 12) in base 4?
-1032
Convert -64 (base 16) to base 11.
-91
-2 (base 6) to base 12
-2
Convert -100001 (base 2) to base 14.
-25
What is 0 (base 16) in base 5?
0
-10100 (base 2) to base 14
-16
What is -112 (base 3) in base 12?
-12
-434 (base 6) to base 4
-2212
What is -430 (base 5) in base 12?
-97
Convert 2 (base 7) to base 14.
2
Convert 11 (base 2) to base 9.
3
0 (base 16) to base 8
0
2 (base 12) to base 11
2
112 (base 3) to base 2
1110
0 (base 14) to base 9
0
What is -3 (base 8) in base 5?
-3
4 (base 11) to base 16
4
-110 (base 6) to base 13
-33
2b (base 13) to base 7
52
What is -120 (base 6) in base 2?
-110000
Convert 1 (base 6) to base 14.
1
Convert -157 (base 8) to base 2.
-1101111
What is 0 (base 4) in base 8?
0
What is -10 (base 2) in base 5?
-2
-3 (base 8) to base 13
-3
Convert 13 (base 5) to base 15.
8
35 (base 8) to base 4
131
Convert -110 (base 4) to base 9.
-22
Convert 15 (base 11) to base 9.
17
Convert 6 (base 9) to base 6.
10
Convert -12 (base 5) to base 12.
-7
What is -82 (base 14) in base 12?
-96
What is -39 (base 13) in base 5?
-143
-b (base 16) to base 4
-23
Convert 3 (base 4) to base 8.
3
Convert 15 (base 6) to base 10.
11
3 (base 4) to base 2
11
What is 13 (base 10) in base 7?
16
What is 5 (base 16) in base 13?
5
Convert -30 (base 7) to base 10.
-21
3 (base 7) to base 11
3
30 (base 8) to base 14
1a
What is -1 (base 11) in base 10?
-1
What is 8 (base 14) in base 16?
8
90 (base 15) to base 14
99
120 (base 5) to base 11
32
9 (base 14) to base 7
12
1022 (base 3) to base 6
55
What is 8 (base 11) in base 6?
12
What is -10 (base 12) in base 3?
-110
0 (base 9) to base 5
0
-3 (base 7) to base 11
-3
What is -6 (base 8) in base 15?
-6
What is -4 (base 11) in base 14?
-4
What is 8 (base 12) in base 3?
22
Convert 3 (base 13) to base 15.
3
-21 (base 11) to base 14
-19
What is 1 (base 8) in base 15?
1
-7 (base 15) to base 10
-7
What is 3 (base 9) in base 2?
11
251 (base 6) to base 3
10211
What is 68 (base 11) in base 10?
74
What is -6a (base 14) in base 10?
-94
Convert -17 (base 15) to base 7.
-31
-b2 (base 15) to base 5
-1132
-1011 (base 2) to base 4
-23
-3 (base 10) to base 16
-3
1 (base 10) to base 2
1
What is -22 (base 16) in base 12?
-2a
What is 3 (base 7) in base 3?
10
Convert -78 (base 14) to base 2.
-1101010
What is 16 (base 9) in base 5?
30
Convert 322 (base 4) to base 2.
111010
Convert 17 (base 14) to base 3.
210
Convert 102 (base 5) to base 4.
123
10110 (base 2) to base 15
17
Convert 20 (base 15) to base 3.
1010
Convert 2 (base 12) to base 14.
2
Convert 30 (base 6) to base 11.
17
Convert -121 (base 5) to base 2.
-100100
Convert 2 (base 8) to base 5.
2
Convert -87 (base 14) to base 16.
-77
What is -12201 (base 3) in base 13?
-bb
What is 6 (base 15) in base 11?
6
-bc (base 13) to base 8
-233
What is -3 (base 9) in base 14?
-3
19 (base 10) to base 6
31
-3 (base 8) to base 7
-3
Convert 120 (base 9) to base 15.
69
What is -37 (base 8) in base 16?
-1f
What is 4 (base 11) in base 4?
10
Convert 28 (base 13) to base 6.
54
15 (base 9) to base 8
16
4 (base 15) to base 4
10
Convert 0 (base 2) to base 14.
0
Convert -26 (base 10) to base 14.
-1c
Convert -12 (base 3) to base 16.
-5
Convert 101 (base 2) to base 10.
5
Convert 1 (base 4) to base 2.
1
What is 12 (base 9) in base 2?
1011
-5 (base 15) to base 3
-12
Convert -10 (base 8) to base 15.
-8
What is 76 (base 16) in base 12?
9a
2 (base 10) to base 7
2
-357 (base 9) to base 12
-207
Convert -1 (base 12) to base 3.
-1
Convert -7 (base 12) to base 10.
-7
What is -100 (base 2) in base 9?
-4
-21 (base 10) to base 12
-19
-6 (base 16) to base 2
-110
Convert -46 (base 10) to base 16.
-2e
Convert -8 (base 13) to base 8.
-10
-c (base 16) to base 9
-13
5 (base 11) to base 13
5
12 (base 4) to base 10
6
Convert 10 (base 6) to base 3.
20
What is 6 (base 16) in base 5?
11
What is -4 (base 10) in base 8?
-4
-3 (base 13) to base 3
-10
What is -a (base 14) in base 6?
-14
24 (base 6) to base 3
121
What is -2 (base 4) in base 2?
-10
What is 111011 (base 2) in base 13?
47
Convert -21 (base 4) to base 13.
-9
15 (base 10) to base 11
14
What is -16 (base 13) in base 16?
-13
Convert -5 (base 7) to base 6.
-5
126 (base 8) to base 16
56
What is -2112 (base 5) in base 9?
-343
What is 2 (base 4) in base 3?
2
What is -56 (base 14) in base 3?
-2211
102 (base 4) to base 8
22
Convert 3 (base 14) to base 7.
3
What is 7 (base 14) in base 6?
11
Convert -11 (base 2) to base 16.
-3
-1100 (base 2) to base 5
-22
11 (base 2) to base 7
3
Convert 1 (base 11) to base 15.
1
What is 3 (base 5) in base 3?
10
3 (base 6) to base 4
3
What is 2 (base 3) in base 10?
2
What is 5 (base 14) in base 15?
5
-91 (base 11) to base 6
-244
19 (base 10) to base 16
13
1000 (base 2) to base 10
8
-100 (base 4) to base 13
-13
Convert -2 (base 15) to base 13.
-2
-102 (base 4) to base 12
-16
136 (base 7) to base 12
64
What is 17 (base 14) in base 4?
111
What is -3c (base 14) in base 2?
-110110
44 (base 14) to base 8
74
24 (base 6) to base 12
14
What is -4b (base 12) in base 7?
-113
Convert -11 (base 2) to base 7.
-3
9 (base 13) to base 6
13
-2 (base 9) to base 8
-2
-4 (base 9) to base 8
-4
What is 1 (base 11) in base 13?
1
2 (base 15) to base 9
2
Convert -6 (base 11) to base 12.
-6
What is 1 (base 3) in base 11?
1
Convert 3 (base 9) to base 3.
10
What is -10 (base 3) in base 4?
-3
What is -22 (base 7) in base 15?
-11
Convert 0 (base 6) to base 4.
0
What is 1 (base 5) in base 11?
1
Convert b (base 16) to base 13.
b
Convert 100 (base 16) to base 11.
213
What is -10 (base 5) in base 7?
-5
What is -40 (base 8) in base 16?
-20
What is 1211 (base 3) in base 5?
144
-3 (base 12) to base 7
-3
22221 (base 3) to base 11
1aa
-5 (base 16) to base 9
-5
b (base 13) to base 5
21
-1 (base 12) to base 13
-1
-5 (base 9) to base 6
-5
What is 8 (base 13) in base 4?
20
Convert 1001110 (base 2) to base 16.
4e
-15 (base 13) to base 11
-17
What is 2 (base 8) in base 16?
2
-4 (base 9) to base 5
-4
What is 3 (base 8) in base 13?
3
Convert 4 (base 15) to base 2.
100
132 (base 9) to base 3
11002
36 (base 14) to base 3
1210
Convert 101 (base 5) to base 14.
1c
What is 12 (base 9) in base 6?
15
Convert 100011110 (base 2) to base 14.
166
-88 (base 9) to base 4
-1100
Convert -3 (base 4) to base 10.
-3
What is 61 (base 16) in base 7?
166
What is -140 (base 5) in base 6?
-113
Convert -4 (base 12) to base 4.
-10
Convert -3 (base 7) to base 3.
-10
30 (base 11) to base 12
29
What is -9 (base 10) in base 4?
-21
Convert 4 (base 7) to base 3.
11
-a (base 16) to base 4
-22
-13 (base 14) to base 15
-12
6 (base 10) to base 12
6
What is 2 (base 9) in base 5?
2
What is 1111011 (base 2) in base 6?
323
-102 (base 5) to base 16
-1b
211 (base 8) to base 11
115
Convert 1 (base 2) to base 10.
1
Convert -13 (base 7) to base 8.
-12
What is 11000010 (base 2) in base 13?
11c
Convert -1c (base 16) to base 5.
-103
What is 29 (base 13) in base 12?
2b
Convert -40 (base 5) to base 3.
-